80
Calculate 4 + 2 + (-42 - -72) + 7 + 0.
43
Evaluate 26 + (-1 - (10 + -4)) - 64 - -5.
-40
Evaluate (-46 - (9 + -2 - 8)) + 32.
-13
Calculate -67 + 555 + -598 + (23 - (-4 - -2)).
-85
What is the value of 45 + (-5 - 6) + -9 - -6?
31
Calculate (-34 - (-4 + 2 + 7)) + -43 + 38.
-44
What is -3 - 129 - -295 - 127?
36
Calculate (-28 - -21) + -9 - (4 - (0 + 11)).
-9
Evaluate -53 - (-31 - -111 - 168).
35
Evaluate (-2 - -73) + -16 + 0 + (88 - -2 - 71).
74
Evaluate (24 - -5) + -7 + (-524 - -617).
115
Calculate (-13 - (-43 - -73)) + 72 + (-5 - 1 - 2).
21
-29 + 29 + -3 + 11 + -9 + -91
-92
(-67 - (-22 + 12 + 25)) + (-2 - (-12 - -1))
-73
Evaluate (9 - 14 - -59 - 2) + -4 + 6 + -6.
48
What is the value of -14 + (207 + -94 - 164)?
-65
(118 - -49) + -74 + -28
65
What is (-98 + 48 - -61) + (1 - 19)?
-7
Calculate -12 + 23 + (104 - 195 - (1 - (2 - 2))).
-81
Calculate 427 + -474 - (-3 - (-2 - -1) - 4).
-41
Calculate -11 + (5 - 2) + (-12 + 23 - -45).
48
25 - (1 + 12 + 168 + -151)
-5
Calculate -58 - ((3 - -10) + -136).
65
What is (309 - 308) + (2 - -35)?
38
Calculate 4 + (61 - (102 + 17)).
-54
What is the value of 6 + -1 + 1 - (0 + 29 - (-2427 - -2450))?
0
Calculate 156 - 243 - (-36 + (0 - 3)).
-48
What is the value of -50 + (-2 - -13) - (-442 - -413)?
-10
Evaluate (14 - 23 - -51) + (-6 - 1) + 12.
47
-28 - ((17 + -53 - -36) + (-8 + 2 - -4))
-26
196 + -113 - (61 - 26)
48
Evaluate 37 - 1 - 1 - (-47 + (39 - (-84 - -84))).
43
Calculate -12 + 9 - 4 - (27 + 6 + 4).
-44
What is the value of -16 + 42 + -5 + -12 + 27?
36
What is the value of (4845 - 4862) + (-1 - -33)?
15
What is -359 + 358 + (-40 - -3)?
-38
What is the value of 57 + 154 + -260 + -12 + (0 - -1)?
-60
Calculate 3 + -34 + 8 + 5 - (258 - 306).
30
Evaluate -37 + 196 + -60 - (-14 + 0).
113
-70 + (4 - 2) - (10 - (36 - (5 - -18)))
-65
Evaluate (-22 - 12) + 26 + -16 + 16.
-8
Calculate -112 - (-87 + 73 + -134).
36
(-8 - (-6 + 5)) + 18 - (-5 + 19)
-3
Evaluate 26 + -27 - -25 - 43.
-19
Calculate (-2 - 166) + (-687 - -771).
-84
What is the value of -3 + (-21 - -3) + (255 - 250) + -29?
-45
What is 103 + (-51 - 14) + -79?
-41
What is (22 - 1) + 11 + (8 - (16 - -7))?
17
Calculate -7 - ((-98 - (23 + -57)) + 14 + -1 + -1).
45
162 + -3 - (-338 + 369)
128
-46 + (-1 + 13 - ((1 - 0) + 0))
-35
What is the value of -13 - ((1 - -10 - 4) + 3) - -3?
-20
What is 3 + -2 + 61 - (-126 - (122 + -245))?
65
Evaluate -6 + -10 + (10 - (2 + 1 + -1)).
-8
What is the value of -122 + 2 + -1810 + 1856?
-74
Evaluate (-83 - 26) + 212 + -163.
-60
What is the value of -18 - (22 - 19 - 49)?
28
Calculate 35 - 72 - 29 - -28.
-38
What is the value of 23 - (-20 + (42 - (40 - 30)))?
11
What is (8 - -1) + 18 + 0 + (38 - 67) - -56?
54
What is 11 - -3 - (19 - (-9 + 14) - 24)?
24
Calculate -1 + -50 + (77 - 15).
11
Calculate (-214 - -149) + 17 + 2.
-46
What is the value of 10 + -26 + 14 + 42?
40
What is 14 + -1 + 2 + -4 - (1729 + -1660)?
-58
Evaluate 56 - (51 + 14 + 41).
-50
Calculate 454 - 400 - (12 - -53).
-11
What is the value of 16 + (-10 - -1) + (10 - 1)?
16
Calculate 1 + 38 + -1 + (19 + 20 - (32 - -12)).
33
Evaluate -23385 - -23338 - (-10 + -1).
-36
Calculate -172 + 144 + 19 + -87.
-96
What is -14 + 5 + -2 + (-8061 - -8073)?
1
What is 39 - (2 - (51 + -37))?
51
Evaluate 20 + (15 - 26 - (-2 + 0)) + (20 - -47).
78
-25 + 33 + -9 + -1
-2
Evaluate -320 + 340 + (-13 - (-3 + 0)) + 0.
10
What is -7 + 271 + -251 + -1 + -11 + -62?
-61
What is -12 + (-10 - -34 - (34 - 45))?
23
Calculate 20 + (-20 - -13) + 10 + (-6 - 7).
10
What is the value of -31 + 73 - -3 - 62?
-17
Calculate (6 - 111) + 8 + (19 + -15 - -1).
-92
What is -9 + 1 - (-15 - -98 - 96)?
5
48 - 8 - (18 - 18 - 3) - -5
48
Calculate 41 + -17 + -4 + -23 - -9 - (3 + 1).
2
What is 130 + -70 - -20 - 27?
53
What is (1 - 55) + (24 - (57 - (-23 - -65)))?
-45
What is the value of 17 - (-10 + (26 - 5) + -19)?
25
Calculate -30 - (-12 + -12 + -155 + 39).
110
What is 0 - (3 + 11) - (1200 - 1162)?
-52
Evaluate (7584 - 7545) + (-106 - -2).
-65
101 + -117 - (2 + -18 - (-4 + -7 - -9))
-2
Calculate -23 - (4 + 2 + 6 + -36).
1
What is the value of 12 - 8 - (-18 + (-14 - -17))?
19
Calculate -18 + 2 + 0 - (-39 + -13).
36
What is the value of -2 + -6 + 9 + (4 - 17) - -8?
-4
Calculate (4 - (-6 + 2) - (-28 + 6)) + 1.
31
Evaluate -33 + 73 + -9 + -36.
-5
(3 - (0 - 8)) + -25900 + 25791
-98
Calculate 19 - 1 - (-77 + (65 - -7)).
23
What is the value of (11 - ((-15 - -9 - -17) + (1 - -5))) + -47?
-53
(149 - 19) + -31 + -39
60
What is the value of -5 - (0 - -34 - ((-67 - -71) + 14))?
-21
What is -2 + (12 - (19 - 35 - -32)) - -78?
72
Calculate -61 + (23 - (12 + 0 + -10)).
-40
(21 + -37 - -18) + 5 + -8
-1
What is 84 + (-324 - -219) - (2 - (0 + 0) - 8)?
-15
(-12 - (-14 + -6)) + -64 + 68
12
What is -39 - ((16 - (8 - 2)) + 4 + -2)?
-51
What is (-6 - (14 - 11) - (3 + -16)) + (-43 - -1)?
-38
What is 6 + 0 + (-22 - (0 - 13)) - (105 + -177)?
69
What is the value of (66 + -8 - 71) + 19 + 0?
6
What is the value of -16 + 53 + -16 + -45 + (2 - -11)?
-11
What is -4 + 0 + (-74 - -12 - -149)?
83
Evaluate -38 - (-90 + 64 + -22).
10
Evaluate 17 - 12 - (-12 + -16 + 6 + 7 + -10).
30
Calculate (41 - 43) + -47 + 10 + 19.
-20
Evaluate 7 + -7 + 58 - ((-2 - 4) + 3 + -2).
63
What is the value of -3 + (4 - ((-10 - 26) + -10))?
47
Calculate -12 + (14 - (19 - 9 - 12)).
4
What is the value of -159 + 79 + (27 + 11 - 10)?
-52
Evaluate -28 + 9 + (6 - (-6 - -13) - -4).
-16
Calculate -8 + -155 + (-1526 - -1584).
-105
What is the value of 75 + (-90 - 20) - 36?
-71
Evaluate 33 - (40 + -36) - 56.
-27
Evaluate 5 + 0 + (-229 - -258 - (10 + -1)).
25
What is the value of (-2 - 29) + (-77 - -59 - -75)?
26
Evaluate -11 - (((7 - 16) + (-6 - -14) - 6) + -90).
86
What is the value of -33 + 0 - (4 + 4 + (0 - 10) + 3)?
-34
Evaluate (-3063 - -3016) + 5 + -5 + 4.
-43
Calculate (2 - 0) + -8 + 550 + -539 - (-21 - 0).
26
(11 - -7 - 17) + 50 + -18
33
What is the value of ((-23 - -5) + 16 + -3 + -7 - -127) + -6?
109
What is (-17 + -21 + 18 + 17 - (-69 - -2)) + -3?
61
-44 + (-41 - -199) + -67
47
0 - -95 - (5 + -12 + 16 + 6 + -9)
89
What is -38 + 1 + -34 + 38 + -33?
-66
Evaluate (-91 - -117 - 15) + 1 + -7 + 2.
7
Calculate (-1 - 22) + 34 + -17 + -44.
-50
Evaluate -56 + -5 + -15 + (-2 - -22 - 7).
-63
17 + (-25 - (19 - (12 + 6)))
-9
What is (2 - 28 - 91) + 9 + 25 - (-1 - -8)?
-90
What is 11 + -4 + -7 - (-3 - (-6 + -1))?
-4
104 + (-37 - (-34 - (-11 + -11)))
79
-1476 - -1604 - (47 - (-1 + 1))
81
Evaluate (6 + -15 - 13) + 13 + -25.
-34
What is the value of (19 - 4 - -36) + (0 - -13) + (0 - 5)?
59
Calculate 22 + 0 + -1 + -1 + (14 - -71).
105
5 + -19 + ((-4 - -22) + -17 - 5)
-18
Evaluate 6 - 18 - (16 - (20 + -34 - -27)).
-15
What is (-64 - ((10 - -11) + -13)) + 11 + -2?
-63
Calculate -93 + 245 - 89 - 118.
-55
Evaluate 195 - 203 - (1 + -8) - -2 - 38.
-37
Calculate -8439 + 8505 + -115 + -1.
-50
Evaluate 45 + -2 + (7 - 9) + -10 + 12 + 5.
48
-5 + -19 + 4 - -57
37
What is the value of 129 - 161 - ((-16 - -60) + 22)?
-98
66 + (-136 - (-7 - 70))
7
What is the value of 14 - (-3 + -21 + 43) - 43?
-48
What is the value of -10 + -52 + 35 + -37 + -15?
-79
What is 71 + 16 - (45 - -15)?
27
What is 9 - ((27 - 10) + 5 - 33)?
20
Evaluate (7 - 28) + 10 - (10 + -6 - 27).
12
Evaluate 34 + (-3 + 18 + 19 - 25).
43
What is the value of -20 - -51 - (-65 + 60)?
36
What is (3 - 17 - -9) + -6 - (-3 - 1) - -33?
26
Calculate (53 - (62 + -8)) + 11 + -2 - (1 + 12).
-5
What is -1 + 3 + -22 + 18 + 58 + -29 + 24?
51
What is the value of -13 - -11 - (14 + -11 + (-35 - (3 - 7)))?
26
-2 - -5 - (-23 - (-165 - -17) - -11)
-133
Calculate (7 - -22) + 16 - ((26 - 0) + (79 - 89)).
29
7 - ((11 - 13) + 0 - -5)
4
Calculate 1 + -6 - ((-18 - -138) + -76).
-49
1 + -20 + (83 - (35 - -56) - (-1 + -18))
-8
Evaluate (45 + 62 - 34) + -65.
8
What is 21 + -19 + 5 - 10 - (7 + -2 - 37)?
29
Evaluate (0 - (-1 - -4) - (36 - 0)) + -37 + 35.
-41
What is the value of 0 + (-45 + 39 - (-10 - -4))?
0
What is the value of 26 + -7 + (85 - 24) - 13?
67
Calculate (2 - -34) + (-2424 - -2393).
5
What is -6 + (11 + -9 - -9 - -7) + -3?
9
What is -11 + (70 - (-60 + 112)) + -1 + (2 - 109)?
-101
Evaluate 33 + -32 + (-42 - 20) + -39.
-100
What is the value of (-44 - (-58 + 28)) + -19?
-33
What is the value of (-130 - ((-63 - -24) + 15)) + -3?
-109
Evaluate 12 + (12 - 34) + -66 + 12.
